{"id":240,"date":"2022-02-17T12:07:36","date_gmt":"2022-02-17T11:07:36","guid":{"rendered":"http:\/\/noirlab.eu\/?page_id=240"},"modified":"2022-02-17T16:51:31","modified_gmt":"2022-02-17T15:51:31","slug":"crime-fiction-factory","status":"publish","type":"page","link":"https:\/\/noirlab.eu\/index.php\/crime-fiction-factory\/","title":{"rendered":"Crime Fiction Factory"},"content":{"rendered":"\n<p>Insieme alla casa editrice <a rel=\"noreferrer noopener\" href=\"http:\/\/www.semlibri.com\" target=\"_blank\">SEM<\/a> abbiamo dato vita al progetto di <a rel=\"noreferrer noopener\" href=\"https:\/\/crimefictionfactory.com\/\" target=\"_blank\">Crime Fiction Factory<\/a>, un luogo un po\u2019 magico e pieno di energia in cui le <strong>storie<\/strong> vengono concepite, plasmate, nutrite, sfrondate di tutto ci\u00f2 che non serve per sbocciare e raggiungere la fioritura pi\u00f9 rigogliosa.<br><strong>Un luogo dove si affina la capacit\u00e0 di scrittura, in cui si lavora con impegno per spostare l\u2019asticella pi\u00f9 in alto.<\/strong><br>Questa \u00e8 <strong>Crime Fiction Factory<\/strong>, un percorso formativo di nuova concezione che accompagner\u00e0 i partecipanti nella stesura del loro <strong>romanzo<\/strong> crime e aprir\u00e0 direttamente la strada della <strong>pubblicazione<\/strong> al candidato che tra tutti dimostrer\u00e0 maggiore talento.<br><strong><strong>Crime Fiction Factory<\/strong><\/strong> \u00e8 stata pensata come una vera e propria <strong>fabbrica<\/strong> delle storie nere, un luogo di <strong>incontro<\/strong> e di <strong>confronto<\/strong> dove si apprenderanno le tecniche di narrazione della crime fiction per poi metterle in pratica, ingranaggio dopo ingranaggio.<br><a rel=\"noreferrer noopener\" href=\"https:\/\/crimefictionfactory.com\/\" target=\"_blank\">Scopri di pi\u00f9<\/a>.<\/p>\n\n\n\n<figure class=\"wp-block-video\"><video height=\"1080\" style=\"aspect-ratio: 1920 \/ 1080;\" width=\"1920\" autoplay controls loop poster=\"http:\/\/noirlab.eu\/wp-content\/uploads\/2022\/02\/cff_promo.png\" src=\"http:\/\/noirlab.eu\/wp-content\/uploads\/2022\/02\/cff_promo_.mp4\"><\/video><\/figure>\n\n\n\n<figure class=\"wp-block-image size-large\"><a href=\"https:\/\/crimefictionfactory.com\/\" target=\"_blank\" rel=\"noopener\"><img loading=\"lazy\" decoding=\"async\" width=\"1024\" height=\"391\" src=\"http:\/\/noirlab.eu\/wp-content\/uploads\/2022\/02\/banner-sem-scaled-1-1024x391.jpg\" alt=\"\" class=\"wp-image-237\" srcset=\"https:\/\/noirlab.eu\/wp-content\/uploads\/2022\/02\/banner-sem-scaled-1-1024x391.jpg 1024w, https:\/\/noirlab.eu\/wp-content\/uploads\/2022\/02\/banner-sem-scaled-1-300x114.jpg 300w, https:\/\/noirlab.eu\/wp-content\/uploads\/2022\/02\/banner-sem-scaled-1-768x293.jpg 768w, https:\/\/noirlab.eu\/wp-content\/uploads\/2022\/02\/banner-sem-scaled-1-1536x586.jpg 1536w, https:\/\/noirlab.eu\/wp-content\/uploads\/2022\/02\/banner-sem-scaled-1-2048x782.jpg 2048w\" sizes=\"auto, (max-width: 1024px) 100vw, 1024px\" \/><\/a><\/figure>\n","protected":false},"excerpt":{"rendered":"<p>Insieme alla casa editrice SEM abbiamo dato vita al progetto di Crime Fiction Factory, un luogo un po\u2019 magico e pieno di energia in cui le storie vengono concepite, plasmate, nutrite, sfrondate di tutto ci\u00f2 che non serve per sbocciare e raggiungere la fioritura pi\u00f9 rigogliosa.Un luogo dove si affina la capacit\u00e0 di scrittura, in&hellip;&nbsp;<a href=\"https:\/\/noirlab.eu\/index.php\/crime-fiction-factory\/\" rel=\"bookmark\">Leggi tutto &raquo;<span class=\"screen-reader-text\">Crime Fiction Factory<\/span><\/a><\/p>\n","protected":false},"author":1,"featured_media":250,"parent":0,"menu_order":0,"comment_status":"closed","ping_status":"closed","template":"","meta":{"neve_meta_sidebar":"","neve_meta_container":"","neve_meta_enable_content_width":"","neve_meta_content_width":0,"neve_meta_title_alignment":"","neve_meta_author_avatar":"","neve_post_elements_order":"","neve_meta_disable_header":"","neve_meta_disable_footer":"","neve_meta_disable_title":"","footnotes":""},"class_list":["post-240","page","type-page","status-publish","has-post-thumbnail","hentry"],"_links":{"self":[{"href":"https:\/\/noirlab.eu\/index.php\/wp-json\/wp\/v2\/pages\/240","targetHints":{"allow":["GET"]}}],"collection":[{"href":"https:\/\/noirlab.eu\/index.php\/wp-json\/wp\/v2\/pages"}],"about":[{"href":"https:\/\/noirlab.eu\/index.php\/wp-json\/wp\/v2\/types\/page"}],"author":[{"embeddable":true,"href":"https:\/\/noirlab.eu\/index.php\/wp-json\/wp\/v2\/users\/1"}],"replies":[{"embeddable":true,"href":"https:\/\/noirlab.eu\/index.php\/wp-json\/wp\/v2\/comments?post=240"}],"version-history":[{"count":4,"href":"https:\/\/noirlab.eu\/index.php\/wp-json\/wp\/v2\/pages\/240\/revisions"}],"predecessor-version":[{"id":252,"href":"https:\/\/noirlab.eu\/index.php\/wp-json\/wp\/v2\/pages\/240\/revisions\/252"}],"wp:featuredmedia":[{"embeddable":true,"href":"https:\/\/noirlab.eu\/index.php\/wp-json\/wp\/v2\/media\/250"}],"wp:attachment":[{"href":"https:\/\/noirlab.eu\/index.php\/wp-json\/wp\/v2\/media?parent=240"}],"curies":[{"name":"wp","href":"https:\/\/api.w.org\/{rel}","templated":true}]}}